 811*w**2 + 411*w + 1988. Determine d(-406).
-42
Let p(f) = -58*f**2 + 460*f + 19. Determine p(7).
397
Let j(i) = i**3 + 224*i**2 - 1616*i + 263. What is j(-231)?
32
Let n(t) = -1733*t - 536. Give n(-1).
1197
Let d(p) = 1195*p - 7254. Give d(6).
-84
Let n(x) = -10*x**2 + 97*x + 30. Give n(9).
93
Let u(g) = -g**3 - 1038*g**2 - 2063*g + 9322. Determine u(-1036).
-2
Let g(t) = -4076*t - 334173. What is g(-82)?
59
Let z(a) = a**2 + 409*a + 814. Give z(-2).
0
Let g(u) = u**3 + 91*u**2 + 345*u + 159. Calculate g(-87).
420
Let z(x) = 4*x**3 + 155*x**2 + 261*x + 96. Give z(-37).
22
Let w(p) = 71*p**2 + 61*p + 269. Calculate w(-4).
1161
Let f(a) = 17*a**3 + 225*a**2 + 222*a + 113. Determine f(-12).
473
Let h(i) = 6*i**3 + 87*i**2 + 50*i + 1564. What is h(-15)?
139
Let j(w) = -1317*w + 262094. What is j(199)?
11
Let m(g) = -11*g**3 - 5007*g**2 + 4151*g + 21432. Give m(-456).
0
Let u(h) = h**3 + 7*h**2 - 322*h + 1586. What is u(9)?
-16
Let k(x) = -4306*x**2 + 21386*x + 726. Determine k(5).
6
Let l(k) = -2*k**2 - 22*k + 7068. Calculate l(49).
1188
Let l(j) = -3810*j - 354536. Determine l(-93).
-206
Let z(a) = 5*a**3 - 6*a**2 - 777*a - 1545. Calculate z(-2).
-55
Let w(v) = v**2 - 14503*v + 217320. Give w(15).
0
Let v(k) = -k**2 - 3588*k + 14255. Calculate v(4).
-113
Let c(r) = 3072*r - 252536. Give c(82).
-632
Let u(c) = -c**3 - 9*c**2 - 601*c - 4758. Determine u(-8).
-14
Let f(x) = x**3 - 20*x**2 - 89*x + 427. What is f(23)?
-33
Let s(z) = 198*z**2 + 2348*z - 2928. What is s(-13)?
10
Let f(p) = 279632*p + 279644. Determine f(-1).
12
Let c(l) = -2*l**3 + 251*l**2 + 131*l - 627. Determine c(126).
3
Let o(g) = -487*g - 24841. What is o(-51)?
-4
Let w(i) = 120*i**2 - 218*i - 437. What is w(-2)?
479
Let z(d) = -316*d + 6841. Give z(25).
-1059
Let c(k) = -11*k**3 + 48*k**2 - 16*k - 20. What is c(4)?
-20
Let u(r) = -2931*r - 51235. Give u(-18).
1523
Let f(r) = -6*r**2 - 2667*r - 33688. Calculate f(-13).
-31
Let q(r) = 147*r**2 - 4*r - 101. What is q(0)?
-101
Let y(i) = -80863*i - 646897. What is y(-8)?
7
Let k(r) = -48814*r + 2635983. Determine k(54).
27
Let q(v) = -45*v**3 + 3*v**2 - 47*v + 92. What is q(2)?
-350
Let r(x) = x**2 + 7138*x - 5898734. Give r(748).
-6
Let r(v) = -96*v**2 - 188*v - 750. Give r(-4).
-1534
Let k(s) = -2199*s**3 - 57*s**2 - 63*s - 4. Determine k(-1).
2201
Let v(b) = -15958*b + 175387. What is v(11)?
-151
Let x(t) = -78*t**3 + 544*t**2 + 34*t - 164. Give x(7).
-24
Let a(h) = h**3 - 28*h**2 + 192*h + 51. Give a(15).
6
Let x(p) = 541*p - 1916. Calculate x(6).
1330
Let c(g) = 272*g**2 + 89210*g - 1927. What is c(-328)?
41
Let y(l) = 8*l**2 - 5574*l + 823775. Determine y(484).
7
Let j(q) = -2*q**2 + 68*q + 5609. What is j(71)?
355
Let b(z) = -z**2 - 7236*z + 1077852. Determine b(146).
80
Let s(r) = r**3 + 7*r**2 + 47*r + 194. Determine s(-6).
-52
Let a(q) = -q**3 - 31*q**2 + 7240*q - 293. Determine a(-102).
-89
Let d(y) = 27*y**2 - 693*y + 285. What is d(25)?
-165
Let a(d) = 31326*d - 971039. Determine a(31).
67
Let f(s) = 20*s + 1125. Give f(-17).
785
Let x(c) = 936*c - 408994. Determine x(437).
38
Let w(z) = 153588*z - 767949. Determine w(5).
-9
Let h(c) = 2*c**2 + 2139*c + 10675. What is h(-5)?
30
Let k(m) = -5220*m - 62281. Calculate k(-12).
359
Let r(y) = 36493*y - 145965. Give r(4).
7
Let r(f) = -307*f**2 - 168235*f + 599. Determine r(-548).
51
Let v(u) = u**2 + 1262*u + 75493. What is v(-63)?
-44
Let b(v) = 46*v**2 + 759*v + 3022. Calculate b(-7).
-37
Let v(b) = -16183*b + 1213738. Give v(75).
13
Let p(g) = -18*g**2 + 900*g - 1699. What is p(48)?
29
Let r(t) = 527*t**3 - t**2 - 4*t + 3. What is r(1)?
525
Let s(h) = h**2 - 747*h - 79998. What is s(842)?
-8
Let c(f) = 32697*f + 327445. Calculate c(-10).
475
Let s(r) = -56*r**2 - 1252*r + 2505. What is s(2)?
-223
Let t(l) = -13*l**3 + 275*l**2 + 1387*l - 30009. Give t(21).
0
Let a(i) = -117850*i + 1532048. What is a(13)?
-2
Let d(p) = -3*p**3 + 388*p**2 - 8059*p - 23. Determine d(26).
3
Let v(b) = b**3 + 20*b**2 - 1042*b - 24067. Calculate v(-24).
-1363
Let j(a) = 2*a**2 - 236*a + 5020. What is j(108)?
2860
Let y(r) = 100*r**2 - 4555*r - 2068. Determine y(46).
2
Let t(s) = -6*s**3 - 240*s**2 - 4*s + 97. Determine t(-40).
257
Let h(i) = 5*i**2 + 282*i + 346. Determine h(-56).
234
Let x(b) = 9105*b + 883022. Determine x(-97).
-163
Let n(p) = 40*p**3 - 1958*p**2 - 99*p + 99. Calculate n(49).
50
Let m(w) = 78563*w - 21. What is m(0)?
-21
Let b(r) = r**2 + 3928*r + 368316. Calculate b(-96).
444
Let r(l) = l**3 - 650*l**2 + 34322*l + 811. Determine r(58).
-1
Let n(c) = -22*c**2 + 1612*c - 28647. Calculate n(43).
-9
Let i(y) = -46252*y + 2451389. Calculate i(53).
33
Let n(a) = 350*a + 54116. Calculate n(-143).
4066
Let t(a) = -4*a**3 + 1069*a**2 - 271*a + 1074. Determine t(267).
6
Let w(s) = 4*s**3 - 31*s**2 + 22*s - 606. Determine w(9).
-3
Let o(t) = 3146*t - 1315034. What is o(418)?
-6
Let d(u) = 222156*u - 9774872. What is d(44)?
-8
Let h(a) = 246*a**2 - 7410*a + 903. Calculate h(30).
3
Let l(k) = -399*k + 47852. Determine l(120).
-28
Let p(w) = 2094*w + 2176. Determine p(-1).
82
Let l(y) = -389*y + 5107. Determine l(13).
50
Let q(b) = 16736*b**2 + 1238464*b - 4. What is q(-74)?
-4
Let f(k) = -27*k**2 - 987*k - 4955. What is f(-6)?
-5
Let l(a) = 25596*a - 307144. What is l(12)?
8
Let a(o) = -229*o + 52665. Give a(231).
-234
Let z(k) = 9035*k + 45994. What is z(-5)?
819
Let g(r) = 18*r**3 + 6*r**2 - 246*r + 707. Calculate g(3).
509
Let p(m) = m**2 - 318*m + 3730. Calculate p(12).
58
Let h(p) = p**3 - 377*p**2 - 1211*p + 26870. Determine h(380).
-110
Let p(y) = -2*y**2 - 100*y + 10543. Determine p(52).
-65
Let r(l) = -l**3 - 192*l**2 - 3126*l + 1299. Calculate r(-174).
255
Let v(g) = g**3 + 15*g**2 + 82*g + 1693. Give v(-16).
125
Let f(l) = 11867*l + 59324. What is f(-5)?
-11
Let h(v) = -39*v**2 + 1388*v - 6555. Give h(30).
-15
Let c(u) = u**2 + 754*u - 21784. What is c(28)?
112
Let b(a) = -30494*a - 30292. Give b(-1).
202
Let s(z) = -2756*z**2 + 24818*z - 121. Calculate s(9).
5
Let y(h) = 4*h**2 - 64*h - 12. What is y(21)?
408
Let w(n) = 16962*n - 7157966. Give w(422).
-2
Let h(o) = -o**2 - 197*o - 8228. Determine h(-76).
968
Let q(n) = -294*n**3 + 22*n**2 - 37*n + 15. Give q(1).
-294
Let q(p) = -2*p**2 - 436*p - 14752. Determine q(-176).
32
Let b(h) = 653*h + 23895. What is b(-37)?
-266
Let v(a) = 9609*a + 2690526. Determine v(-280).
6
Let o(z) = 70611*z - 282453. Calculate o(4).
-9
Let w(x) = -x**2 + 2458*x + 54561. Give w(-22).
1
Let a(k) = -4*k**3 - 136*k**2 - 410*k - 9302. What is a(-33)?
-128
Let l(r) = -r**3 - 30*r**2 - 271*r - 9438. Give l(-31).
-76
Let b(g) = -g**2 + 124*g + 16619. Determine b(205).
14
Let i(d) = -469*d - 17245. Calculate i(-42).
2453
Let r(l) = 42*l**3 + 298*l**2 + 350*l + 2240. What is r(-7)?
-14
Let b(y) = -428*y**2 + 3440*y - 3097. Determine b(7).
11
Let i(v) = 267369*v - 3208426. Calculate i(12).
2
Let x(n) = -1330*n - 622442. What is x(-468)?
-2
Let l(z) = z**2 - 967*z + 5659. What is l(6)?
-107
Let s(x) = 3*x**2 - 35*x - 81. Determine s(-13).
881
Let f(x) = 7*x**2 + 1107*x + 16071. What is f(-142)?
25
Let a(x) = -x**3 - 31*x**2 - 7657*x - 237392. Give a(-31).
-25
Let f(s) = -37*s**3 + 813*s**2 + 48*s + 61. Give f(22).
633
Let d(f) = 4264*f - 520230. Calculate d(122).
-22
Let r(m) = 4*m**2 - 1923*m - 50579. Determine r(-25).
-4
Let l(m) = -86385*m - 11661933. Calculate l(-135).
42
Let b(j) = 11*j**2 + 44*j - 149. Give b(-15).
1666
Let v(a) = -14*a**2 + 1302*a + 5419. Determine v(97).
-13
Let n(w) = -7954*w + 3165674. Determine n(398).
-18
Let w(t) = t**3 - 31*t**2 - 1243*t + 50. Give w(54).
-4
Let k(b) = -111182*b + 222371. What is k(2)?
7
Let f(s) = -s**3 + 33*s**2 + 7216*s + 300. Give f(-70).
-120
Let x(c) = 108243*c + 10283123. Determine x(-95).
38
Let c(q) = 1049*q + 11518. What is c(-11)?
-21
Let n(m) = -26952*m + 161666. Give n(6).
-46
Let m(q) = q**3 + 10*q**2 - 412*q - 184. Determine m(15).
-739
Let o(v) = 6869*v + 48282. What is o(-7)?
199
Let p(h) = 53*h**2 - 586*h + 3563. Determine p(6).
1955
Let n(f) = -67*f**2 - 851*f - 3. Determine n(-12).
561
Let w(t) = -t**2 - 3829*t + 100198. Calculate w(26).
-32
Let f(p) = 3*p**3 + 415*p**2 + 132*p - 816. Give f(-138).
12
Let u(h) = 2*h**2 - 549*h + 13087. Give u(248).
-57
Let k(u) = u**2 - 1686*u - 1694